*k + 3. Let a(q) = q**3 + 3*q**2 + q + 3. Let s(b) = -7*a(b) + 6*r(b). Give s(-4).
-7
Let v be 6 + 0 + 1*(-1 + 3). Let r(b) = -b**3 + 8*b**2 + 2*b - 1. What is r(v)?
15
Suppose 0 = -k + 5*b - 21, 0*k - 3*b - 5 = -5*k. Suppose 0 = 5*g - 2*t - 6, k*g - 2*t = 6. Let q(v) = -v**2 - v + 13. What is q(g)?
13
Let g(z) = z + 5. Let a(v) = v - 3. Let f be a(3). Let n be f + (-4)/((-4)/5). Suppose -2*k + k = 5*j - 20, -n = -j. Determine g(k).
0
Let h(d) = -1 - 1 + 0 - 4*d. Let t be h(-2). Let j(q) = -15*q - 13. Let b(n) = -7*n - 6. Let f(a) = t*j(a) - 13*b(a). Calculate f(-5).
-5
Let g(o) = -4*o + 24. Let i be g(7). Let c(u) = u**2 + 5*u. Give c(i).
-4
Let g = 0 - 4. Let d(l) = 3*l**2 - 5*l**3 + 5*l**3 + 5 - 4*l - 3*l**3 + 4*l**3. What is d(g)?
5
Let g(l) be the second derivative of -l**4/12 - l**2/2 + 3*l. Let p(f) = -6*f**2 + 3*f - 1. Let r(v) = -5*g(v) + p(v). Calculate r(3).
4
Let d(s) = 27*s**2 + 2*s + 1. Suppose 4*m + 11 = 7. Determine d(m).
26
Let i(y) be the third derivative of y**5/20 - y**4/8 + 2*y**3/3 - 6*y**2. Calculate i(3).
22
Let s(p) = p - 1. Let i(a) = 4*a - 6. Let h(x) = i(x) - 5*s(x). Let n = 21 - 6. Let l be (2 - n/12)*4. Determine h(l).
-4
Let n = -1 + 1. Let h be 3/2 + (-27)/(-18). Let f(a) = 4*a + n*a + 2*a**2 - h*a**2. What is f(4)?
0
Let z = 1 + 0. Suppose -2*d - 3*s = 2*s + z, s = -3*d + 18. Let y(j) = j + 3*j - j - d - 2*j. Give y(6).
-1
Let m(x) = -x**3 - 10. Let y = -71 + 71. Calculate m(y).
-10
Let l = -13 - -19. Let o(j) be the third derivative of -2*j**2 - 1/12*j**4 - 1/60*j**5 - 1/6*j**3 + 0 + 1/24*j**l + 0*j. Give o(-1).
-5
Let g(r) = 2*r + 0 - 1 - 7*r - 3*r. Determine g(-1).
7
Let l be (-2)/9 - 272/72. Let z = -3 - l. Let b(d) = 2*d**3 + d**2 - d. Give b(z).
2
Let c be (24/(-21))/(2/(-7)). Let g(x) = x**2 - 3*x + 5. What is g(c)?
9
Let y(t) = -t**2 + 4*t + 4. Suppose 0 = -4*v + 1 - 5. Let p be (5*v)/((-4)/4). Determine y(p).
-1
Let n(m) = -8*m**3 - 2*m**2 + 1. Let j(s) = s**3 + 8*s**2 + 7*s + 1. Let t be j(-7). Suppose l - 2*l = t. Calculate n(l).
7
Suppose w - 8 = -4*q, 0 = q - 4*q + w - 1. Let y(p) = 7*p**3 + p**2 - p + 1. Calculate y(q).
8
Let o be (-15 + 2)*(-2 - -1). Let l(t) = -2 + o*t - t**2 - 10*t + 2. Calculate l(4).
-4
Let b(q) = 2*q**3 - 2*q**2 + 3*q - 3. Let g = 50 - 48. Determine b(g).
11
Let m(w) = 5*w - 18. Let q(a) = -11*a + 37. Let s(l) = -13*m(l) - 6*q(l). What is s(-6)?
6
Let p = 5 - 5. Suppose p*k = k - 4. Let s(z) be the second derivative of -z**4/12 + z**3 - 2*z**2 + 3*z. What is s(k)?
4
Suppose 3*f = -2*f - 3*h + 10, f - 2*h - 2 = 0. Suppose -2*u + u - 15 = -5*z, 3*u + 23 = 4*z. Let g(b) = -2*b**2 - 2 + 0*b + 3*b**z - f*b. What is g(3)?
1
Let p be -1*1/(1/(-1)). Let o(j) = 17*j + 1. What is o(p)?
18
Let q(y) be the first derivative of -2*y**2 + y + 1. Suppose -5*t + 4 = -3*t. Determine q(t).
-7
Let c(v) = -v**2 - 4*v - 2. Let f be (-24)/9*3/2. Give c(f).
-2
Let y be 39/9 + 1/(-3). Let k(v) = -v**2 + 5*v + 2. Let s(c) = 2*c**2 - 9*c - 4. Let z(i) = -7*k(i) - 4*s(i). Give z(y).
-10
Let w(g) = 3*g - 2*g - 2 + 3 - 2*g. Determine w(2).
-1
Let x(l) = 6*l - l**3 - 3*l - 2*l**2 + 3*l - 3*l**2 - 1. Calculate x(-6).
-1
Let n = 17 - 10. Let p(d) = 0 + d**2 - 9*d - 3 + 5 + 6. Calculate p(n).
-6
Let h be (-88)/32 + 6/8. Let u(c) = -c**2 - 5*c - 2. What is u(h)?
4
Let f(t) be the first derivative of -t**4/4 + 4*t**3/3 - 5*t**2/2 + 3*t - 14. Calculate f(4).
-17
Let f(t) be the second derivative of 0 + 1/2*t**2 - 1/20*t**5 - 1/3*t**3 - 1/4*t**4 - 6*t. What is f(-2)?
1
Let n be (-1 - 1)*11/2. Let a = -9 - n. Let f(v) = -1 + 3*v**2 + 4*v - 4*v**2 - a - 4. Calculate f(5).
-12
Let o = 19 - 56/3. Let n(v) be the second derivative of -1/3*v**4 + 0 + 4*v - 1/2*v**2 + o*v**3. Give n(1).
-3
Suppose 3*a - 3*t - 24 = 0, -4*t + t + 21 = 2*a. Let m(i) = -i + 13. Give m(a).
4
Let g(c) be the first derivative of -c**4/4 - 2*c**3 - 2*c**2 + 5*c + 14. Give g(-5).
0
Let h = 3 + -5. Let k be 1*1/2*6. Let u(o) = -k*o + 3 + 2*o + 2*o - 1. Determine u(h).
0
Let s(c) = -15*c**2 - 16*c**2 + 30*c**2. What is s(0)?
0
Let f be (-36)/45*5/2. Let g(w) = -1 + 0*w**3 - w**3 - 2*w - 2*w**2 - 1. What is g(f)?
2
Let z(n) = 4*n + 4. Let m(a) = -3*a - 3. Let g(f) = -6*m(f) - 4*z(f). Determine g(2).
6
Let n be 0 + -1 - -1*12. Let q = -16 + n. Let x(u) = 2*u**2 - 4*u + 7. Let c(d) = 3*d**2 - 4*d + 8. Let l(h) = -3*c(h) + 4*x(h). What is l(q)?
-1
Let i(n) = n**2 - 5*n - 1. Suppose -4*v + 11 = s - v, 4*v = -2*s + 12. Let z = 0 - s. Determine i(z).
-5
Let d(i) = -i**3 - i**2 + i + 5. Suppose 0 = 2*j + 2*z + 6, 2*z + 2 = j - 4. Calculate d(j).
5
Let i(w) = w**2 - 2*w - 20. Let c be i(6). Let n(j) be the third derivative of -j**6/120 + j**5/12 - 5*j**4/24 - j**3/6 + 2*j**2. Determine n(c).
-5
Suppose 0 = -5*m - 3*b - 16, 6 + 3 = 3*b. Let v(f) be the first derivative of -f**4/4 - 4*f**3/3 + 7*f**2/2 + 7*f + 1. Calculate v(m).
-3
Let g(q) be the second derivative of q**7/840 + 7*q**6/360 + q**5/20 + q**4/6 + q**3/3 - 2*q. Let b(x) be the second derivative of g(x). Give b(-6).
4
Let a = -8 - -10. Suppose 4 = -a*m - 4. Let c(b) = b**3 + 4*b**2 + 4*b + 6. What is c(m)?
-10
Suppose -1 = 3*q + 2. Let s be q/((2 + -1)/(-1)). Let v(n) be the second derivative of n**3/3 - 9*n. Calculate v(s).
2
Let y(j) be the first derivative of 1 + 2*j + j**3 - 1/4*j**4 - j**2. Let z be (2/(-5))/(4/(-20)). Calculate y(z).
2
Let x(g) be the first derivative of g**3/3 + g**2/2 - g + 15. What is x(-2)?
1
Suppose -h + 1 = 0, 2*h = 3*k - 4*k + 3. Let d(o) = -4*o**3 - o**2 + o. Let y be d(k). Let v(q) = q**3 + 4*q**2 + 3*q + 4. Determine v(y).
-8
Suppose 32 = 2*d - 46. Suppose 3*y - 6 = -d. Let t(l) = l + 6. Let k be t(y). Let s(a) = -a - 3. Calculate s(k).
2
Let k(m) = 3*m**3 - 7*m**2 + m + 23. Let y(r) = -5*r**3 + 10*r**2 - r - 35. Let t(b) = 8*k(b) + 5*y(b). What is t(-6)?
-9
Let d(l) be the third derivative of -l**5/60 - l**4/3 - 4*l**3/3 - 27*l**2. Suppose 4*b - 6 = 6. Suppose 5*i - 13 = -b*g + g, i + 25 = -5*g. What is d(g)?
4
Let q = 0 - 0. Suppose q = -5*a - 3*z + 6, 2*z = 4*a - 8 - 10. Let w(r) = -a*r**2 - r**3 - 2 + 2*r**3 + r + 0. Give w(2).
-4
Let j(l) = l**2 + 4*l - 6. Let q(s) = s**3 + 2*s**2 - 3*s - 5. Let b be q(-3). Determine j(b).
-1
Let y(g) = -g - 2. Let s be 7/(-2)*(-8)/7. Calculate y(s).
-6
Let z(q) = -2*q - 1. Let k be (3 + -8 + 11)*2/(-4). What is z(k)?
5
Let h(z) = -3*z - 11. Let j(s) = 2*s + 6. Let d(x) = -6*h(x) - 10*j(x). Let n = 94 + -90. Determine d(n).
-2
Let y(z) be the second derivative of -6*z + 1/4*z**4 - 1/20*z**5 + 0 + 3/2*z**2 + 1/6*z**3. Give y(3).
6
Let s(x) = -x. Let j(q) = q**3 + 4*q**2 - 3*q + 1. Let f be j(-5). Let t = 7 - 5. Let k(v) = -4*v + 1. Let a(c) = f*s(c) + t*k(c). Calculate a(-2).
0
Suppose a + 11 = -2*d - 0*a, 9 = -2*d - 3*a. Let h be 3*((-50)/d)/5. Suppose h = 4*v + v. Let i(y) = 7*y + 1. Give i(v).
8
Let x be 4 + -4 + 1/60. Let a(h) be the third derivative of 0 + x*h**5 + 0*h - 1/3*h**3 - 4*h**2 + 5/24*h**4. What is a(-4)?
-6
Let d(v) = -1 + 2*v - 3*v - 2*v + 0. Suppose 0 = -l + 3*l - 2. What is d(l)?
-4
Let p(y) be the second derivative of -y**4/12 + 11*y**3/6 - 15*y**2/2 - 10*y. Give p(10).
-5
Let k be 10/6 + 2/(-3). Let r(g) = -g + k + g**2 - g + g. Let v(d) = 4*d**2 - 7*d. Let q(p) = 3*r(p) - v(p). Calculate q(4).
3
Let s be (-2 - -3)/((-4)/(-8)). Suppose -s*d + 1 = 3*u, 5*d = d - 16. Let n(h) = -h + u + 4*h**3 - 4*h - 8 + 4*h**2 - 3*h**3. Calculate n(-5).
-5
Suppose -4*m = -3*a + 55, 2*m - 11 = 3*a - 58. Let d(t) = -t**3 + 13*t**2 - t + 10. Let y be d(a). Let o(z) = 2*z + 1 - z + 2. What is o(y)?
0
Let p(h) be the second derivative of -h**3/6 - 2*h**2 - h. Suppose 3*c = 3*i + 21, 3*i + 0*i - 4*c = -22. Give p(i).
2
Let m(c) = -15*c**2 + 26*c - 10. Let q(t) = 3*t**2 - 5*t + 2. Let v(a) = -2*m(a) - 11*q(a). Let z = -1 + 2. Let u be (2 + z)*2/3. Calculate v(u).
-8
Let o(x) = x**2 - 3*x - 4. Let v = -4 - -7. Suppose 1 = -2*h - 2*m + 3, h - v*m + 11 = 0. Let y be 2/h - -2 - -3. Calculate o(y).
0
Let v(b) = -4*b**3 - 1. Let r(x) = -x**3 - 9*x**2 - 7*x + 10. Let l be r(-8). Suppose 2*w = -l*w - 20. Let z = 4 + w. Calculate v(z).
3
Let t be (-6)/15*(12 + -2). Let p(x) = 3*x**3 - x**2 - 3*x - 15. Let o(b) = b**3 - b**2 - b - 7. Let l(f) = -5*o(f) + 2*p(f). What is l(t)?
-7
Let i(g) = g**3 + 7*g**2 - 7*g + 1. Let d(o) = o**3 + 